- (40/50 + 0)?
1
Suppose 0 = 32*g - 157228 - 100788. What is the hundreds digit of g?
0
Let i = 25 - 26. Suppose -25*y + 31*y - 108 = 0. What is the tens digit of y*(i + 2)*66/12?
9
Suppose 3*h = 15, 5860 = 4*i - 18*h + 14*h. What is the units digit of i?
0
Suppose 0 = -2*h + 52*u - 54*u + 1580, -5*u = -5*h + 3950. What is the tens digit of h?
9
Let o(i) = -9*i + 230*i - 2 + 41*i + 2*i. Let w be (-3)/(-12)*(-1 - 1)*-2. What is the tens digit of o(w)?
6
Let m(q) = -q**3 - 111*q**2 + 146*q + 382. What is the hundreds digit of m(-114)?
7
Let a be -6 + 5 + 1/((-4)/12). Let u = 1 + -5. What is the tens digit of a/14 - (-5952)/56 - u?
1
Suppose -5*s - 3086 = -2*b, -14*s - 3*b = -12*s + 1242. Let u = -290 - s. What is the hundreds digit of u?
3
Let h(f) be the first derivative of -f**4/4 - 8*f**3/3 - 5*f**2/2 - 14*f - 6. Let n be h(-6). Let x = -12 - n. What is the tens digit of x?
4
Suppose 83 = 3*z + 68. Let j be -1 - -7*(0 + 1). Suppose x - 2*c - 22 = -j*c, 5*c = -z. What is the units digit of x?
6
Let w = -141 + 106. Let o be w/10*(-12)/14. What is the tens digit of -15*o*4/(-2)*1?
9
Suppose -2 - 8 = -5*s. Suppose 0 = -p - p - y - s, p = -3*y - 1. Let d = 41 + p. What is the tens digit of d?
4
Suppose -47 + 294 = -h. Let l(j) = 121*j + 13. Let y be l(-3). Let b = h - y. What is the tens digit of b?
0
Let u = 239 + -1170. Let y = u - -2059. What is the hundreds digit of y?
1
Suppose 0 = -6*a + 6 + 18. Suppose 2003 = 4*s + a*i - 3*i, -s + i + 507 = 0. What is the hundreds digit of s?
5
Let u = 39691 - 37692. What is the tens digit of u?
9
Let g(a) = -4*a - 18. Let w be g(15). Let i = w + 103. Suppose 5*k = -i, -3*l - 93 = -k - 707. What is the tens digit of l?
0
Let i(v) = 7*v**2 - 58*v + 148. Let s(d) = -8*d**2 + 57*d - 151. Let u(t) = 5*i(t) + 4*s(t). What is the thousands digit of u(36)?
1
Let d = 93 - 91. Suppose -3*o = 5*w - 40, -d = o - 2*w + 3. Suppose -2*u + 385 = -3*z, -654 - 366 = -o*u - 4*z. What is the hundreds digit of u?
2
Suppose -3*j + 6*x = 4*x - 15901, -3*x - 26503 = -5*j. What is the units digit of j?
3
Let h(i) = -i**3 + 59*i**2 - 43*i + 35. What is the thousands digit of h(56)?
7
Suppose 576 = -5*j + 13*j. Let s = -72 + j. Suppose -2*u + 62 + 96 = -m, s = -3*u + m + 238. What is the tens digit of u?
8
Let o = 9664 + -1212. What is the hundreds digit of o?
4
What is the ten thousands digit of (-85222)/(-2) + (125/(-75))/((-5)/(-6))?
4
Let u = 53 - 51. Suppose 2*l = -3*b + 436 + 1994, 0 = 4*l + u*b - 4860. What is the hundreds digit of l?
2
Let k be (2 - (1 - 0)) + 3. Let n be (0 + 3)/((-9)/(-99)). Suppose n = k*q - q. What is the tens digit of q?
1
Let z(k) = k**2 - 28*k + 80. Let w be z(25). Suppose 0 = -5*b + 3*m + 424 + 2746, 0 = w*b + 4*m - 3170. What is the tens digit of b?
3
Let g be 12/((-40)/(-18) + -2). Suppose -3*i = 4*d + 234 - 273, 0 = -5*d. Let j = g - i. What is the units digit of j?
1
Let u(i) = 5*i**3 + 8*i**2 - 30*i + 52. Let t be u(8). Let p be 11 + (1 - 2) + 0. What is the tens digit of t/35 - (-6)/p?
8
Let n(m) = 3577*m**2 + 144*m - 288. What is the units digit of n(2)?
8
Let t = 289 + -103. Suppose -t = 2*r - 1018. What is the hundreds digit of r?
4
Let p = -16322 + 23542. What is the thousands digit of p?
7
Let u(c) = -7*c - 27. Suppose -5 = 2*o + 3*q, 13 = 3*o - 2*q + 1. Let x(i) = -8*i - 27. Let p(m) = o*x(m) - 3*u(m). What is the units digit of p(12)?
7
Suppose -3*n = -8*z + 4*z - 49021, -2*n - 5*z + 32719 = 0. What is the units digit of n?
7
Let f(w) = w**3 + 6*w**2 - 10*w - 19. Let l be f(-7). Suppose 2*n - 4*h + 5 = 51, -l*n = -3*h - 42. What is the units digit of (-2)/n - 9848/(-60)?
4
Let m = -2700 + 4320. What is the tens digit of (-12094)/(-9) + (-24)/m*-15?
4
Suppose 0 = -46*r + 6*r - 4960. Let f = -49 - r. What is the units digit of f?
5
Let l = -70 - -73. What is the tens digit of 2/l*(-21723)/(-26)?
5
Let d(o) = 470*o**2 + 3*o - 10. Let r be d(-1). Suppose t + 280 = 3*w, -3*t = -0*t + 4*w + 775. Let y = r + t. What is the hundreds digit of y?
1
Let v = 826 - 307. Suppose -6*f = -9*f + v. What is the tens digit of f?
7
Suppose 0 = 2*g - 8, 2*l + 7*g = 10*g - 4. Let b(k) = 162*k - 19. What is the tens digit of b(l)?
2
Suppose -5*r - 13 = -88. Let i be -10*(2 - r/10). What is the tens digit of ((-168)/(-40))/((-1)/i)?
2
Let v(n) = 142*n**2 + 66*n - 859. What is the ten thousands digit of v(11)?
1
Let t(i) = i - 11. Let d be t(21). Let x(m) = -8*m - d + 34*m**2 + 6 + 3*m. What is the tens digit of x(-1)?
3
Let a(p) be the third derivative of 0 - 7/24*p**4 - p**2 - 1/2*p**3 + 0*p + 1/60*p**5. What is the tens digit of a(9)?
1
Let v = 4 - 18. Let s(z) = -z**3 - 11*z**2 + 23*z + 37. What is the units digit of s(v)?
3
Suppose 0 = -16*b + 25*b - 36. Let x be (b - 27/7) + (-3)/21. Suppose x = -3*d + 274 + 251. What is the units digit of d?
5
Let o(g) = 14*g - 17. Suppose 0 = -a - 3*m + 1 + 16, a + 4*m = 20. Let y be o(a). Let r = -37 + y. What is the units digit of r?
8
Let l be (-50)/(-10) - (5 - 6). Suppose j = -0*j + 5, -5*q = -4*j - 2005. Suppose l*u = -51 + q. What is the tens digit of u?
5
Let k = -3019 - -8123. Suppose 0*j = 4*i - 4*j - 4100, k = 5*i + 2*j. What is the hundreds digit of i?
0
Suppose g - 16*g = -45. What is the units digit of (-98 - 12)*2/g*-9?
0
What is the tens digit of (-14)/133 - 8811650/(-190)?
7
Let g = -15891 - -19245. What is the units digit of g?
4
Let r = -10460 + 17986. What is the thousands digit of r?
7
Let m(q) = 26*q**3 - 22*q**2 + 74*q - 94. What is the hundreds digit of m(6)?
1
Let o(i) = 0 - 2 + i + 2. Let j be o(-1). What is the hundreds digit of j/((-1)/107*1)?
1
Let r(x) = 16*x**2 - 4*x - 3. Let k be r(5). Let t(z) = 138*z - 3504. Let c be t(27). Let s = k - c. What is the units digit of s?
5
Suppose 0 = -3431*x + 3415*x + 45280. What is the thousands digit of x?
2
Suppose 3*u = 6*u - 5*v + 65686, u + 21902 = 5*v. What is the hundreds digit of 30/675*-5 - u/18?
2
Suppose 4*z - b - 402 = 0, 0 = -z + 2*b + 90 + 14. Suppose 10*t - z = 8*t. Suppose -64 = -3*q + t. What is the tens digit of q?
3
Suppose -s = -0*s - 3. Let c be s/((-2 + 1)/(-1)). Suppose 3*y - 48 = c*a, 97 = 5*y - a + 17. What is the units digit of y?
6
Let p = -24 - -16. Suppose -69*f = -58*f - 35*f + 24. What is the units digit of (76/(-16) + -3)*p - f?
1
Let w be 8/(-6)*(1 + 8/4). Let x be (w/2 + -3)/(-1). Suppose 0 = 2*r + 2*r + 3*s - 411, -2*s = -x*r + 485. What is the tens digit of r?
9
Let t(v) be the second derivative of v**7/1260 - v**6/36 + v**5/8 + v**4 - 5*v. Let z(m) be the third derivative of t(m). What is the tens digit of z(13)?
9
Let y(w) = w**2 - 6*w - 914. What is the units digit of y(-31)?
3
Let h(u) = u**3 + 13*u**2 - 31*u - 7. Let f be h(-15). Suppose 4*m - f*m - 3*b = -1592, 5*b - 1592 = -4*m. What is the hundreds digit of m?
3
What is the units digit of 549/((2 - 50/15)*(-3)/108)?
3
Let j(v) = -19*v**3 - 6*v**2 + 10*v + 45. What is the hundreds digit of j(-4)?
1
Let y(k) = 50*k**3 - 12*k**2 + 9*k - 4. Let m be 4 + 0 + (-6)/3. What is the units digit of y(m)?
6
Let h(g) = 22*g**3 + 27*g**2 + 10*g - 17. What is the thousands digit of h(12)?
2
Let z = -120 - -119. What is the units digit of z*(-907 + -1) + (-4)/1?
4
Let p be 20/8 - 1/(-2). What is the tens digit of ((-13)/(390/(-36)))/(p/1270)?
0
Let f(m) = 2*m + 44. Let k be f(-21). Let h(c) = 6*c**2 + 52 - 10 + 24*c + c**k - 8*c**2. What is the units digit of h(18)?
0
Suppose -82 = -24*r + 62. Suppose 5*t - 2*s + 5*s = 533, -3*t + 5*s = -313. What is the tens digit of (r/(-12))/((-1)/t)?
5
Let g be 10*4/20 + -6. Let z(f) = -13*f**3 + 4*f**2 + 4*f + 5. What is the hundreds digit of z(g)?
8
Let k(v) = -128*v + 98. Let t(j) = -43*j + 32. Let i(m) = 2*k(m) - 7*t(m). What is the units digit of i(8)?
2
Suppose 2*i - 67237 = 45232 - 37523. What is the thousands digit of i?
7
Suppose 0 = 147*w - 149*w + 4. Suppose w*o + 0*u - 1519 = -3*u, 3*o = -2*u + 2281. What is the units digit of o?
1
Suppose -27*x + 28*x + 14860 = 4*g, -14880 = -4*g - 4*x. What is the hundreds digit of g?
7
Let h(r) = 859*r + 14. Let y(n) = -172*n - 3. Let k(i) = 2*h(i) + 11*y(i). What is the hundreds digit of k(-2)?
3
Suppose 1297*r - 1361*r + 454208 = 0. What is the units digit of r?
7
Let b be (-3)/2 - (-7)/(28/(-6)). Let w be b - ((-5)/5 - -24). Let v = 